{"id":169,"date":"2024-03-27T14:35:00","date_gmt":"2024-03-27T17:35:00","guid":{"rendered":"http:\/\/192.168.0.15\/wordpress\/?page_id=169"},"modified":"2024-04-01T18:22:51","modified_gmt":"2024-04-01T21:22:51","slug":"sistema-de-transporte-executivo","status":"publish","type":"page","link":"https:\/\/www.p2tec.com.br\/?page_id=169","title":{"rendered":"Sistema de Transporte Executivo"},"content":{"rendered":"\n<p class=\"has-text-align-left\"><mark style=\"background-color:rgba(0, 0, 0, 0)\" class=\"has-inline-color has-vivid-cyan-blue-color\"><strong><font style=\"font-size:22px;\">Oferecemos um sistema que possui M\u00f3dulos completos de administra\u00e7\u00e3o Back-end, podendo ser acessado via Internet e  com in\u00fameras funcionalidades.<\/font><\/strong><\/mark><\/p>\n\n\n\n<div class=\"wp-block-group\"><div class=\"wp-block-group__inner-container is-layout-constrained wp-block-group-is-layout-constrained\">\n<ul class=\"wp-block-list\">\n<li> <span style=\"color: revert; font-size: revert; font-weight: revert;\">Principais Vantagens<\/span> <\/li>\n\n\n\n<li><ul class=\"dt_list_style dt_list_style--two dt-mt-4 wow fadeInUp\" data-wow-duration=\"1500ms\"><li>Sistema hospedado na nuvem com total seguran\u00e7a e alta disponibilidade.<\/li><\/ul><\/li>\n\n\n\n<li><ul class=\"dt_list_style dt_list_style--two dt-mt-4 wow fadeInUp\" data-wow-duration=\"1500ms\"><li>Acesso via Internet de qualquer lugar que possua conex\u00e3o.<\/li><\/ul><\/li>\n\n\n\n<li><ul class=\"dt_list_style dt_list_style--two dt-mt-4 wow fadeInUp\" data-wow-duration=\"1500ms\"><li>Utilizado por clientes a mais de 6 anos e clientes executando mais de 1500 viagens por m\u00eas.<\/li><\/ul><\/li>\n\n\n\n<li><ul class=\"dt_list_style dt_list_style--two dt-mt-4 wow fadeInUp\" data-wow-duration=\"1500ms\"><li>Mais de 140.000 Viagens j\u00e1 realizadas.<\/li><\/ul><\/li>\n\n\n\n<li><ul class=\"dt_list_style dt_list_style--two dt-mt-4 wow fadeInUp\" data-wow-duration=\"1500ms\"><li>Atualiza\u00e7\u00f5es constantes.<\/li><\/ul><ul class=\"dt_list_style dt_list_style--two dt-mt-4 wow fadeInUp\" data-wow-duration=\"1500ms\"><\/ul><ul class=\"dt_list_style dt_list_style--two dt-mt-4 wow fadeInUp\" data-wow-duration=\"1500ms\"><\/ul><\/li>\n<\/ul>\n<\/div><\/div>\n\n\n\n<div style=\"height:52px\" aria-hidden=\"true\" class=\"wp-block-spacer\"><\/div>\n\n\n\n<div class=\"wp-block-columns is-layout-flex wp-container-core-columns-is-layout-9d6595d7 wp-block-columns-is-layout-flex\">\n<div class=\"wp-block-column is-layout-flow wp-block-column-is-layout-flow\">\n<div class=\"wp-block-carousel-slider-slider\"><div class=\"carousel-slider-outer carousel-slider-outer-image-carousel carousel-slider-outer-186\" style=\"--carousel-slider-nav-color:#f1f1f1;--carousel-slider-active-nav-color:#00d1b2;--carousel-slider-arrow-size:48px;--carousel-slider-bullet-size:10px\">\n<div id=\"&#039;id-186\" class=\"carousel-slider carousel-slider-186 arrows-visibility-always dots-visibility-always arrows-outside dots-center dots-circle owl-carousel\" data-slide-type=\"image-carousel\" data-owl-settings='{\"nav\":true,\"dots\":true,\"slideBy\":1,\"stagePadding\":0,\"margin\":10,\"loop\":true,\"lazyLoad\":true,\"autoplay\":true,\"autoplayTimeout\":5000,\"autoplaySpeed\":500,\"autoplayHoverPause\":true,\"autoWidth\":false,\"items\":1}'>\n<div class=\"carousel-slider__item\">\n\t<a class=\"magnific-popup\" href=\"https:\/\/www.p2tec.com.br\/wp-content\/uploads\/2024\/03\/dashboard.png\" data-width=\"1061\" data-height=\"713\"><img class=\"owl-lazy\" data-src=\"https:\/\/www.p2tec.com.br\/wp-content\/uploads\/2024\/03\/dashboard-768x516.png\" alt=\"\"><div class=\"carousel-slider__caption\"><p class=\"caption\">Dashboard<\/p><\/div><\/a><\/div>\n\n<div class=\"carousel-slider__item\">\n\t<a class=\"magnific-popup\" href=\"https:\/\/www.p2tec.com.br\/wp-content\/uploads\/2024\/03\/agendamento_vencido.png\" data-width=\"1061\" data-height=\"751\"><img class=\"owl-lazy\" data-src=\"https:\/\/www.p2tec.com.br\/wp-content\/uploads\/2024\/03\/agendamento_vencido-768x544.png\" alt=\"\"><div class=\"carousel-slider__caption\"><p class=\"caption\">Lista de Viagens<\/p><\/div><\/a><\/div>\n\n<div class=\"carousel-slider__item\">\n\t<a class=\"magnific-popup\" href=\"https:\/\/www.p2tec.com.br\/wp-content\/uploads\/2024\/03\/agendamento.png\" data-width=\"1061\" data-height=\"697\"><img class=\"owl-lazy\" data-src=\"https:\/\/www.p2tec.com.br\/wp-content\/uploads\/2024\/03\/agendamento-768x505.png\" alt=\"\"><div class=\"carousel-slider__caption\"><p class=\"caption\">Tela de Agendamento<\/p><\/div><\/a><\/div>\n\n<div class=\"carousel-slider__item\">\n\t<a class=\"magnific-popup\" href=\"https:\/\/www.p2tec.com.br\/wp-content\/uploads\/2024\/03\/mapa.png\" data-width=\"1279\" data-height=\"863\"><img class=\"owl-lazy\" data-src=\"https:\/\/www.p2tec.com.br\/wp-content\/uploads\/2024\/03\/mapa-768x518.png\" alt=\"\"><div class=\"carousel-slider__caption\"><p class=\"caption\">Mapa com Localiza\u00e7\u00e3o<\/p><\/div><\/a><\/div>\n\n<div class=\"carousel-slider__item\">\n\t<a class=\"magnific-popup\" href=\"https:\/\/www.p2tec.com.br\/wp-content\/uploads\/2024\/03\/prazos.png\" data-width=\"1063\" data-height=\"647\"><img class=\"owl-lazy\" data-src=\"https:\/\/www.p2tec.com.br\/wp-content\/uploads\/2024\/03\/prazos-768x467.png\" alt=\"\"><div class=\"carousel-slider__caption\"><p class=\"caption\">Controle de Prazos<\/p><\/div><\/a><\/div>\n\n<div class=\"carousel-slider__item\">\n\t<a class=\"magnific-popup\" href=\"https:\/\/www.p2tec.com.br\/wp-content\/uploads\/2024\/03\/relatorio.png\" data-width=\"1061\" data-height=\"595\"><img class=\"owl-lazy\" data-src=\"https:\/\/www.p2tec.com.br\/wp-content\/uploads\/2024\/03\/relatorio-768x431.png\" alt=\"\"><div class=\"carousel-slider__caption\"><p class=\"caption\">Diversos Relat\u00f3rios<\/p><\/div><\/a><\/div>\n\n<div class=\"carousel-slider__item\">\n\t<a class=\"magnific-popup\" href=\"https:\/\/www.p2tec.com.br\/wp-content\/uploads\/2024\/03\/voucher.png\" data-width=\"1061\" data-height=\"761\"><img class=\"owl-lazy\" data-src=\"https:\/\/www.p2tec.com.br\/wp-content\/uploads\/2024\/03\/voucher-768x551.png\" alt=\"\"><div class=\"carousel-slider__caption\"><p class=\"caption\">Lista de Vouchers<\/p><\/div><\/a><\/div>\n\n<div class=\"carousel-slider__item\">\n\t<a class=\"magnific-popup\" href=\"https:\/\/www.p2tec.com.br\/wp-content\/uploads\/2024\/03\/voucher_lanc.png\" data-width=\"1059\" data-height=\"569\"><img class=\"owl-lazy\" data-src=\"https:\/\/www.p2tec.com.br\/wp-content\/uploads\/2024\/03\/voucher_lanc-768x413.png\" alt=\"\"><div class=\"carousel-slider__caption\"><p class=\"caption\">Conferencia do Voucher<\/p><\/div><\/a><\/div>\n\n<\/div><!-- .carousel-slider-186 -->\n<\/div><!-- .carousel-slider-outer-186 -->\n<\/div>\n<\/div>\n\n\n\n<div class=\"wp-block-column is-layout-flow wp-block-column-is-layout-flow\">\n<p class=\"has-text-align-left\"><strong>M\u00f3dulo Administrativo Front-end &#8211; Funcionalidades:<\/strong><\/p>\n\n\n\n<ul class=\"wp-block-list\">\n<li>Efetuar Cadastros (Clientes, Usu\u00e1rios, Motoristas, Destinos e etc)<\/li>\n\n\n\n<li>Efetuar Agendamentos<\/li>\n\n\n\n<li>Controlar todas as viagens<\/li>\n\n\n\n<li>Efetuar Or\u00e7amentos<\/li>\n\n\n\n<li>Faturamento<\/li>\n\n\n\n<li>Despesas<\/li>\n\n\n\n<li>Contas a pagar<\/li>\n\n\n\n<li>Contas a Receber<\/li>\n\n\n\n<li>Ve\u00edculos<\/li>\n\n\n\n<li>Alertas de viagens a vencer<\/li>\n\n\n\n<li>Alertas de Faturamentos<\/li>\n\n\n\n<li>Alertas de Contar \u00e0 Pagar<\/li>\n\n\n\n<li>Ocorr\u00eancias do dia-dia<\/li>\n\n\n\n<li>Contrato de Motoristas<\/li>\n\n\n\n<li>Mapa com Locais dos clientes e Motoristas<\/li>\n\n\n\n<li>Tabelas de pre\u00e7os<\/li>\n\n\n\n<li>Relat\u00f3rios diversos<\/li>\n<\/ul>\n<\/div>\n<\/div>\n\n\n\n<div class=\"wp-block-columns is-layout-flex wp-container-core-columns-is-layout-9d6595d7 wp-block-columns-is-layout-flex\">\n<div class=\"wp-block-column is-layout-flow wp-block-column-is-layout-flow\">\n<div class=\"wp-block-carousel-slider-slider\"><div class=\"carousel-slider-outer carousel-slider-outer-image-carousel carousel-slider-outer-210\" style=\"--carousel-slider-nav-color:#f1f1f1;--carousel-slider-active-nav-color:#00d1b2;--carousel-slider-arrow-size:48px;--carousel-slider-bullet-size:10px\">\n<div id=\"&#039;id-210\" class=\"carousel-slider carousel-slider-210 arrows-visibility-hover dots-visibility-never arrows-outside dots-center dots-circle owl-carousel\" data-slide-type=\"image-carousel\" data-owl-settings='{\"nav\":true,\"dots\":false,\"slideBy\":1,\"stagePadding\":0,\"margin\":10,\"loop\":true,\"lazyLoad\":true,\"autoplay\":true,\"autoplayTimeout\":5000,\"autoplaySpeed\":500,\"autoplayHoverPause\":true,\"autoWidth\":false,\"responsive\":{\"300\":{\"items\":1},\"576\":{\"items\":2},\"768\":{\"items\":2},\"1024\":{\"items\":3},\"1280\":{\"items\":4},\"1536\":{\"items\":5}}}'>\n<div class=\"carousel-slider__item\">\n\t<a class=\"magnific-popup\" href=\"https:\/\/www.p2tec.com.br\/wp-content\/uploads\/2024\/03\/mobile01.png\" data-width=\"350\" data-height=\"707\"><img class=\"owl-lazy\" data-src=\"https:\/\/www.p2tec.com.br\/wp-content\/uploads\/2024\/03\/mobile01.png\" alt=\"\"><div class=\"carousel-slider__caption\"><p class=\"caption\">Lista de Viagens<\/p><\/div><\/a><\/div>\n\n<div class=\"carousel-slider__item\">\n\t<a class=\"magnific-popup\" href=\"https:\/\/www.p2tec.com.br\/wp-content\/uploads\/2024\/03\/mobile02.png\" data-width=\"342\" data-height=\"700\"><img class=\"owl-lazy\" data-src=\"https:\/\/www.p2tec.com.br\/wp-content\/uploads\/2024\/03\/mobile02.png\" alt=\"\"><div class=\"carousel-slider__caption\"><p class=\"caption\">Dados da Viagem<\/p><\/div><\/a><\/div>\n\n<div class=\"carousel-slider__item\">\n\t<a class=\"magnific-popup\" href=\"https:\/\/www.p2tec.com.br\/wp-content\/uploads\/2024\/03\/mobile03.png\" data-width=\"342\" data-height=\"702\"><img class=\"owl-lazy\" data-src=\"https:\/\/www.p2tec.com.br\/wp-content\/uploads\/2024\/03\/mobile03.png\" alt=\"\"><div class=\"carousel-slider__caption\"><p class=\"caption\">Fechamento da Viagem<\/p><\/div><\/a><\/div>\n\n<div class=\"carousel-slider__item\">\n\t<a class=\"magnific-popup\" href=\"https:\/\/www.p2tec.com.br\/wp-content\/uploads\/2024\/03\/mobile04.png\" data-width=\"341\" data-height=\"703\"><img class=\"owl-lazy\" data-src=\"https:\/\/www.p2tec.com.br\/wp-content\/uploads\/2024\/03\/mobile04.png\" alt=\"\"><div class=\"carousel-slider__caption\"><p class=\"caption\">Viagens Realizadas<\/p><\/div><\/a><\/div>\n\n<\/div><!-- .carousel-slider-210 -->\n<\/div><!-- .carousel-slider-outer-210 -->\n<\/div>\n<\/div>\n\n\n\n<div class=\"wp-block-column is-layout-flow wp-block-column-is-layout-flow\">\n<p class=\"has-text-align-left\"><strong>M\u00f3dulo Mobile\/Celular<\/strong><\/p>\n\n\n\n<ul class=\"wp-block-list\">\n<li>Login controlado pelo sistema Back-end.<\/li>\n\n\n\n<li>Listagem das viagens a serem realizadas.<\/li>\n\n\n\n<li>Dados completos da viagens para auxiliar o Motorista<\/li>\n\n\n\n<li>Integra\u00e7\u00e3o dos contatos dos passageiros com WhatsApp<\/li>\n\n\n\n<li>Integra\u00e7\u00e3o dos endere\u00e7os dos locais com Google Maps<\/li>\n\n\n\n<li>Controle de viagem em execu\u00e7\u00e3o.<\/li>\n\n\n\n<li>Controle de disponibilidade de motorista.<\/li>\n\n\n\n<li>Finaliza\u00e7\u00e3o de Viagens com dados.<\/li>\n\n\n\n<li>Consulta das viagens realizadas.<\/li>\n<\/ul>\n<\/div>\n<\/div>\n\n\n\n<center><button class=\"popmake-314 dt-btn-primary\">Desejo saber mais Informa\u00e7\u00f5es<\/button><\/center>\n","protected":false},"excerpt":{"rendered":"<p>Oferecemos um sistema que possui M\u00f3dulos completos de administra\u00e7\u00e3o Back-end, podendo ser acessado via Internet e com in\u00fameras funcionalidades. M\u00f3dulo Administrativo Front-end &#8211; Funcionalidades: M\u00f3dulo Mobile\/Celular Desejo saber mais Informa\u00e7\u00f5es<\/p>\n","protected":false},"author":1,"featured_media":0,"parent":0,"menu_order":0,"comment_status":"closed","ping_status":"closed","template":"","meta":{"footnotes":""},"class_list":["post-169","page","type-page","status-publish","hentry"],"_links":{"self":[{"href":"https:\/\/www.p2tec.com.br\/index.php?rest_route=\/wp\/v2\/pages\/169","targetHints":{"allow":["GET"]}}],"collection":[{"href":"https:\/\/www.p2tec.com.br\/index.php?rest_route=\/wp\/v2\/pages"}],"about":[{"href":"https:\/\/www.p2tec.com.br\/index.php?rest_route=\/wp\/v2\/types\/page"}],"author":[{"embeddable":true,"href":"https:\/\/www.p2tec.com.br\/index.php?rest_route=\/wp\/v2\/users\/1"}],"replies":[{"embeddable":true,"href":"https:\/\/www.p2tec.com.br\/index.php?rest_route=%2Fwp%2Fv2%2Fcomments&post=169"}],"version-history":[{"count":68,"href":"https:\/\/www.p2tec.com.br\/index.php?rest_route=\/wp\/v2\/pages\/169\/revisions"}],"predecessor-version":[{"id":478,"href":"https:\/\/www.p2tec.com.br\/index.php?rest_route=\/wp\/v2\/pages\/169\/revisions\/478"}],"wp:attachment":[{"href":"https:\/\/www.p2tec.com.br\/index.php?rest_route=%2Fwp%2Fv2%2Fmedia&parent=169"}],"curies":[{"name":"wp","href":"https:\/\/api.w.org\/{rel}","templated":true}]}}