{"id":2,"date":"2024-03-15T08:48:11","date_gmt":"2024-03-15T11:48:11","guid":{"rendered":"http:\/\/127.0.0.1\/wordpress\/?page_id=2"},"modified":"2024-09-14T11:02:10","modified_gmt":"2024-09-14T14:02:10","slug":"pagina-exemplo","status":"publish","type":"page","link":"https:\/\/www.p2tec.com.br\/?page_id=2","title":{"rendered":"Sobre a P2TEC"},"content":{"rendered":"\n<p>A P2TEC Solu\u00e7\u00f5es em TI \u00e9 uma empresa fundada em 2014 com foco em trazer solu\u00e7\u00f5es robustas e pr\u00e1ticas para atender as mais diversas demandas na \u00e1rea de Tecnologia.<\/p>\n\n\n\n<p>Inicialmente a empresa atuava na \u00e1rea de infraestrutura de TI, como seguran\u00e7a da informa\u00e7\u00e3o, administra\u00e7\u00e3o de servidores e redes de dados. Devido a grandes demandas de clientes, a empresa come\u00e7ou a atuar na \u00e1rea de desenvolvimento de Sistemas, desenvolvendo utilit\u00e1rios para apoiar os usu\u00e1rios em suas atividades di\u00e1rias.<\/p>\n\n\n\n<p>Com a expans\u00e3o da Internet, iniciamos o desenvolvimento de aplicativos multi-plataforma para serem executados em qualquer sistema operacional e navegadores Web com hospedagem em ambiente na Nuvem.<\/p>\n\n\n\n<p>Novos dispositivos foram surgindo, como tablets e celulares. Novas demandas foram surgindo e passamos a desenvolver aplicativos para estes dispositivos.<\/p>\n\n\n\n<p>Recentemente a Internet 3.0 ou Internet das coisas surgiu elevando as possibilidades de integra\u00e7\u00e3o da tecnologia com nosso mundo real, sendo assim passamos a desenvolver aplicativos para estas finalidades.<\/p>\n\n\n\n<p>Hoje, temos um portf\u00f3lio de solu\u00e7\u00f5es e servi\u00e7os completos para atender as necessidades do mercado.<\/p>\n\n\n\n<p><strong>Pedro Coelho &#8211; Arquiteto de Solu\u00e7\u00f5es<\/strong><\/p>\n\n\n\n<p><\/p>\n","protected":false},"excerpt":{"rendered":"<p>A P2TEC Solu\u00e7\u00f5es em TI \u00e9 uma empresa fundada em 2014 com foco em trazer solu\u00e7\u00f5es robustas e pr\u00e1ticas para atender as mais diversas demandas na \u00e1rea de Tecnologia. Inicialmente a empresa atuava na \u00e1rea de infraestrutura de TI, como seguran\u00e7a da informa\u00e7\u00e3o, administra\u00e7\u00e3o de servidores e redes de dados. Devido a grandes demandas de [&hellip;]<\/p>\n","protected":false},"author":1,"featured_media":0,"parent":0,"menu_order":0,"comment_status":"closed","ping_status":"closed","template":"","meta":{"footnotes":""},"class_list":["post-2","page","type-page","status-publish","hentry"],"_links":{"self":[{"href":"https:\/\/www.p2tec.com.br\/index.php?rest_route=\/wp\/v2\/pages\/2","targetHints":{"allow":["GET"]}}],"collection":[{"href":"https:\/\/www.p2tec.com.br\/index.php?rest_route=\/wp\/v2\/pages"}],"about":[{"href":"https:\/\/www.p2tec.com.br\/index.php?rest_route=\/wp\/v2\/types\/page"}],"author":[{"embeddable":true,"href":"https:\/\/www.p2tec.com.br\/index.php?rest_route=\/wp\/v2\/users\/1"}],"replies":[{"embeddable":true,"href":"https:\/\/www.p2tec.com.br\/index.php?rest_route=%2Fwp%2Fv2%2Fcomments&post=2"}],"version-history":[{"count":6,"href":"https:\/\/www.p2tec.com.br\/index.php?rest_route=\/wp\/v2\/pages\/2\/revisions"}],"predecessor-version":[{"id":487,"href":"https:\/\/www.p2tec.com.br\/index.php?rest_route=\/wp\/v2\/pages\/2\/revisions\/487"}],"wp:attachment":[{"href":"https:\/\/www.p2tec.com.br\/index.php?rest_route=%2Fwp%2Fv2%2Fmedia&parent=2"}],"curies":[{"name":"wp","href":"https:\/\/api.w.org\/{rel}","templated":true}]}}